- 3*u, -14 = -p*b - 5*u. Suppose b*x = 19 + 45. What is the tens digit of x?
3
Let a(n) = -32*n + 11 + 19 + 1 + 51*n. Let b be a(-3). Let x = 75 + b. What is the units digit of x?
9
Let z(i) = 826*i**2 + 5*i - 5. Let n be z(1). Let t = -373 + n. What is the tens digit of t?
5
Suppose -4*p - 2*g + 316 = 0, -2*g - g = -6. Let q(o) = -53*o + p*o - 3 + 1. What is the units digit of q(1)?
3
Let v be (-100053)/54 - ((-2)/(-12))/1. Let c = v + 3429. What is the hundreds digit of c?
5
Let f = 16 + -7. Let t(c) be the first derivative of 5*c**2/2 + 8*c + 402. What is the tens digit of t(f)?
5
Suppose 16*u - y - 10926 = 15*u, 43695 = 4*u + 5*y. What is the tens digit of u?
2
Let k = 137 - 137. Suppose k = -2*n - 2*f + 34, 2*n - 4*f = 5*n - 52. What is the units digit of n?
6
Suppose -44 = 4*l - 4*s - 4, -5*s = -25. Let b(u) be the first derivative of u**3 + u**2/2 + 2*u + 40. What is the tens digit of b(l)?
7
Let z = 167 + -64. Suppose 4*b - 216 = 4*q, z = 2*b - 0*q - q. Let k = b - 34. What is the units digit of k?
5
Suppose -5 = 4*w - 5*w. Suppose w*m - 896 = m. Suppose 3*q + m = 4*q. What is the hundreds digit of q?
2
What is the hundreds digit of ((-64)/14)/8 + (-277960)/(-56)?
9
Let v = 1083 + -240. Suppose 0 = 9*z - 669 - v. What is the tens digit of z?
6
Let r(w) = -w**2 + w + 2. Let g(k) = k**2 + 18*k - 18. Let n(m) = -g(m) - 4*r(m). What is the tens digit of n(8)?
2
What is the thousands digit of 1408*(-9)/(-18)*6/3?
1
Let v(n) be the second derivative of 29*n**3/2 + 21*n**2/2 + n + 38. What is the units digit of v(4)?
9
Suppose 147*t - 168*t = -161679. What is the hundreds digit of t?
6
What is the units digit of -50 - -51 - -5*8?
1
Let d = 770 - 1337. Let b be (4/(-9))/(9/(d/14)). Suppose -163 - b = -h. What is the tens digit of h?
6
Let n be ((-54)/8)/(-2*(-6)/(-8496)). Suppose -3603 = -3*l - 4*c, 3*c + n = 22*l - 18*l. What is the tens digit of l?
9
Let r(a) be the first derivative of 2*a**3 + 9*a**2/2 + 37*a + 37. What is the units digit of r(8)?
3
Let z = 48 - 0. Suppose -4*h - 30 = -2*l, -4*l = -3*h - z + 3. Suppose 6*i - l*i + 321 = 0. What is the hundreds digit of i?
1
Let r(c) = -2*c**3 + 9*c**2 + 7*c - 3. Let f be r(5). What is the tens digit of (7/(f/(-74)))/(2/(-4))?
4
Suppose 5*l = -3*a + 1786, -a - 8*l = -7*l - 596. Let m = a + -112. What is the tens digit of m?
8
Let u(n) = -n**2 + n - 2. Let v be (-3)/1 + 7 + 3. Let o be u(v). What is the tens digit of o/(-6)*90/20?
3
Suppose 19 = -2*x - 4*l - 25, -2*x - 44 = -l. Let d = x - -26. Suppose -m = -3*h - 3*m + 485, d*h = 4*m + 640. What is the hundreds digit of h?
1
Let o = -658 - -2029. Suppose -3*z - 3*x = -o, -2*z + 884 = -0*z - 4*x. What is the hundreds digit of z?
4
Suppose 9*a + 407 = 20*a. Suppose -a*l + 32*l + 1820 = 0. What is the tens digit of l?
6
Suppose 6*b + 22 = -8. What is the hundreds digit of (69/(-46) - b/(-2)) + 715?
7
Let j = -238 - -379. Suppose 16*a - 18*a + g + 284 = 0, -a + j = -g. What is the tens digit of a?
4
Let w(z) be the third derivative of 1/30*z**5 - 1/4*z**4 + 2/3*z**3 + 0*z + 13*z**2 + 0. What is the units digit of w(6)?
0
Suppose 2*i + 44738 = 2*j, 3*j - 6669 = -i + 60434. Suppose 2*n = -30*n + j. What is the units digit of n?
9
Suppose 4*v = q + 497, -4*v + 4*q + 500 = -0*q. Suppose 5*a - 2*d + 6 = 0, 0*a + 2*a - 15 = -5*d. What is the units digit of ((-3)/(-4))/(a + 1/v)?
3
Suppose 4*t - 3*t - 1139 = 0. What is the tens digit of t?
3
Let x be 11/33 + (-11)/(-3). Suppose 0 = -4*s + x, 0 = 4*a + 5*s - 1290 - 4319. What is the tens digit of a?
0
Let m(o) = 2080*o + 45619. What is the tens digit of m(0)?
1
Let d = -496 - -322. Let g = 456 + d. What is the hundreds digit of g?
2
What is the thousands digit of ((-602260)/(-35))/(-2)*(-2)/4*7?
0
Let n(f) = -f**2 - 24*f - 38. Let s be n(-10). Let o be (-382)/(-4) + -5 + 36/8. Let u = s - o. What is the units digit of u?
7
Suppose -j + 11589 + 6120 = 5*r, -10628 = -3*r + 2*j. Suppose 615 = 4*u - 2*s - 2921, -5*s = -4*u + r. What is the tens digit of u?
8
Let v = -1967 + 2187. What is the hundreds digit of v?
2
What is the tens digit of (-7308174)/(-1455) + (1 - 8/10)?
2
Suppose -8*b + 3*b + 75 = 0. Suppose 21*j = b*j + 24. Suppose 0 = -q - 2*i + 35, -j*i = -q - 0*i + 47. What is the units digit of q?
9
Suppose 197329 - 35326708 = -419*c. What is the ten thousands digit of c?
8
Suppose 0 = 31*d - 47 - 77. Suppose 953 = 3*h + 5*p, -d*h - p + 1324 = -5*p. What is the units digit of h?
6
Let o(x) = 495*x - 5650. What is the units digit of o(122)?
0
Let u = 372 - 468. Let o = u - -1129. What is the thousands digit of o?
1
Let t = -127 - -458. Suppose -20 = g - t. What is the units digit of g?
1
Let t(d) = 8*d + 94. Let s(b) = 2*b - 8. Let l be s(7). What is the tens digit of t(l)?
4
Let l(f) = -43*f - 5. Let c be l(5). Let y be (4 - (3 + c)) + -2. Suppose -y = -4*q + 85. What is the units digit of q?
6
Let v(m) = 147*m**2 + 37*m + 168. What is the tens digit of v(-6)?
3
What is the tens digit of -9*(139304/6)/(-22)?
9
Suppose 55*p + 11*p = 264396. What is the hundreds digit of p?
0
Let k = 5 + -3. Suppose 25*m - 1408 = -19*m. Suppose k*v = v + m. What is the units digit of v?
2
Suppose 9 = 7*q - 103. Suppose 2*l - 2*x = 22, -5*l + 27 = -2*x - q. What is the units digit of l?
7
Suppose -77 = 2*q - 71, 5*q + 247807 = 4*d. What is the ten thousands digit of d?
6
Let u be ((-8498)/(-28) + -4)/(1/2). Suppose u = 5*r + 7*f - 5*f, 4*f - 365 = -3*r. What is the tens digit of r?
1
Let v be (-6)/(-18) - (-15)/9. Let i be (112/49 - 2/7)*v. Suppose -413 = -i*r + 659. What is the hundreds digit of r?
2
Suppose 12*w - 730 - 110 = 0. Let u be 156/(-1 + 0)*w/(-140). Let z = u - 44. What is the tens digit of z?
3
Let z(p) = p**3 - 6*p**2 - p + 5. Suppose 0 = m + 4*n - 14 - 12, 2*n = 10. Let a be z(m). What is the tens digit of (-1)/((-4)/8*a) + 16?
1
Let r(p) be the first derivative of 23*p**2/2 - 58*p - 87. What is the hundreds digit of r(13)?
2
What is the tens digit of (-1 - 0) + (-679325)/(-75)*3?
7
Suppose -10*x + 5*x + 18 = 2*q, -5*x = -5*q + 10. Suppose -4*t - 5*y = -1641, 28*y = q*t + 23*y - 1631. What is the hundreds digit of t?
4
Let u = -656 - -1192. Let p = -248 + u. What is the tens digit of p?
8
What is the thousands digit of (-8)/(-6)*-3*(-16749901)/1082?
1
Suppose -z + 154 - 196 = 2*p, p - 3*z = 0. Let j be -2*2/(-4)*-4. What is the units digit of 3 + 34/51*p/j?
6
Let d(f) = 22*f**2 - 62*f - 3156. What is the hundreds digit of d(-56)?
3
Suppose -59*j - 4*f = -62*j - 220, 3*j + f + 245 = 0. Let h = j - -125. What is the units digit of h?
5
Suppose 0 = g - 6*p - 13066 - 82, 0 = -5*g + 4*p + 65558. What is the thousands digit of g?
3
Let w = 36243 - -10468. What is the thousands digit of w?
6
Suppose l + 0*u = u + 6, -4*u - 14 = l. Suppose 3*d + d = -l*x + 1508, 5*d = -2*x + 1505. Suppose 3*i = 8*i - x. What is the tens digit of i?
5
What is the hundreds digit of (-6)/(-10) + (-27396)/(-27)*6/20?
3
Suppose -3*t = 3*z - 111, 3*t = -2*t + 3*z + 161. Let x = -34 + t. Suppose x = p + 6*p - 63. What is the units digit of p?
9
Let c(l) = -9*l + 8 + 7 + 4 + l**3 - 5*l**2 + l**3. What is the hundreds digit of c(6)?
2
Suppose 0 = 10*m + 10*m - 48000. What is the tens digit of m/14 + (-4)/(-7)?
7
Suppose -188*m - 153104 = -195*m. What is the ten thousands digit of m?
2
Let y(m) = m**3 - 10*m**2 - 10*m + 45. Let c(q) = q**3 - 5*q**2 - 20. Let x be c(6). What is the hundreds digit of y(x)?
4
Let a(j) = 566*j - 111. Let y be a(-3). What is the hundreds digit of (-692)/(-3)*y/(-268)?
5
Suppose -32*i + 53867 + 44906 = -121099. What is the tens digit of i?
7
Let m(w) = 221*w + 177. What is the hundreds digit of m(5)?
2
Let b be (3 + (-52)/(-12))*3. Suppose -16 = -6*f + 182. What is the tens digit of 4030/b - 6/f?
8
Let s be ((-16325)/(-4))/5 + (-9)/36. Let m = s + -381. What is the units digit of m?
5
Suppose 0 = -6*g + 3*g + 1074. Let o = g + 52. What is the units digit of o?
0
Let n(g) = 16*g**3 - 8*g**2 - 9*g - 25. Let b be n(-4). Let v = b - -1924. What is the tens digit of v?
8
Let v be -11 - -13 - (-108)/(-1) - 1. Let c = 155 + v. What is the units digit of c?
8
Suppose -5 = 5*r, -z + 5*r - 27 - 13 = 0. Let s = z + 48. Suppose 0 = -s*w + 599 + 10. What is the hundreds digit of w?
2
Let p(n) = 6*n**2 + 24*n - 12. Let 